84 is divided by a.
68
Let g = -62 - -207. Suppose 14*j = 9*j + g. Calculate the remainder when 374 is divided by j.
26
Suppose 4*s - 3*n - 6216 = 0, -4*n + 4662 = 319*s - 316*s. Calculate the remainder when s is divided by 46.
36
Let o(h) be the second derivative of 17*h + 7/2*h**2 - 3/2*h**3 - 1/12*h**4 + 0. Calculate the remainder when o(-6) is divided by 14.
11
Suppose 2*j + 5 - 15 = 0. What is the remainder when 389 is divided by 28/(-140) + 76/j?
14
Let v(a) = -10*a - 46. Let x(u) = -u**3 + 6*u**2 + 16*u - 21. Let d be x(8). Let l = 97 + -69. What is the remainder when v(d) is divided by l?
24
Suppose -3048 = -21*m + 32547. What is the remainder when m is divided by 22?
1
Let k = 7862 + -7796. Calculate the remainder when 987 is divided by k.
63
Suppose 6*p = 3*p. Suppose -5*j + p*j + 185 = 0. Let h = 49942 - 49923. Calculate the remainder when j is divided by h.
18
Let l be 0 - (-22)/4 - (-9)/18. Suppose -l*g + g + 230 = 2*h, 205 = 5*g - 3*h. Calculate the remainder when g is divided by 9.
8
Suppose -37334 = -55*o + 44396. What is the remainder when o is divided by 61?
22
Let t = -3868 + 4372. What is the remainder when t is divided by 31?
8
Suppose 0 = -10*z - 9085 + 9935. Calculate the remainder when 240 is divided by z.
70
Let v = 47 - 24. Let d(o) = 43*o - 16. Let c = 147 + -144. What is the remainder when d(c) is divided by v?
21
Let r = 41 - 584. Let y = -231 - r. Suppose -2*s = -5*s + y. What is the remainder when s is divided by 27?
23
Suppose -3*b + b + 4 = 0. Let p(g) = -g**3 + 7*g**2 + 13*g - 2. Calculate the remainder when p(6) is divided by -4*b*19/(-4).
36
Suppose 256*v - 12167 - 8057 = 0. What is the remainder when 3637 is divided by v?
3
Suppose 2*n + 10 = 0, -5*y - 4*n - 191 - 69 = 0. Let p(w) = -3*w**2 - 2*w + 5. Let u be p(4). Let h = y - u. What is the remainder when 6 is divided by h?
0
Suppose 3*q - 8*q = -20. Suppose 2*m = -5*c + 32, q*c = 3*m - 10 - 15. Let f(l) = -l**3 - 6*l**2 + 7*l + 75. Calculate the remainder when f(-7) is divided by m.
9
Let o = 536 + -272. Let p = 315 - o. Calculate the remainder when p is divided by (26/(-2))/((-9)/18).
25
Let v = -13 + 5. Let k(s) = -3*s - 3. Calculate the remainder when 270 is divided by k(v).
18
Let r = 79 - 37. Let x = r - 28. Let z = 7 + -2. What is the remainder when x is divided by z?
4
Suppose -l - 2*b = -127, -4*l + 140 = b - 368. Calculate the remainder when 303 is divided by l.
49
Suppose 4*s + 1 = -7. Let k be s/6 + 1 + (-21)/(-9). Suppose k*v = 22 + 29. What is the remainder when 82 is divided by v?
14
Suppose -2*l + 7 = 25. Let j(h) = -39*h - 122. What is the remainder when j(l) is divided by 10?
9
Let v(d) = -538*d - 4841. Calculate the remainder when 1088 is divided by v(-10).
10
Suppose -5*f - 3*f + 272 = 0. Let g = -5 + f. Suppose d + g = i - 4*d, 0 = -4*i + 3*d + 116. Calculate the remainder when 144 is divided by i.
28
Let w = 29 - 41. Let i = w - -12. Suppose 3*z - 2*z - 34 = i. Calculate the remainder when z is divided by 9.
7
Let b = -31 + 31. Suppose -2*d - 2 + 0 = -m, 5*m - 4*d - 10 = b. What is the remainder when 2 + 0*3/12 is divided by m?
0
Suppose 0*p - 5 = p, -5*u = 2*p - 315. Suppose 5*t + u = -5*j, -4*t - 82 = j - 3*j. What is the remainder when (-2)/9 + (-1498)/t is divided by 17?
15
Suppose -p = -6*b + 481, -88*b = -83*b - 5*p - 380. What is the remainder when 227 is divided by b?
65
Let g(o) = 17*o + 21. Calculate the remainder when g(6) is divided by 6.
3
Let g(r) = 2*r - 2. Let o be g(3). Let d = -6 + o. Calculate the remainder when 183/6 - 1/d is divided by 8.
7
Suppose 0 = -2*r - r + 24. Calculate the remainder when 336/10*(-555)/(-777) is divided by r.
0
Suppose -4*p = -0*j + j - 256, 2*j = -5*p + 518. What is the remainder when j is divided by 17?
9
Suppose 28*l + 6*l = 38466 + 11752. Calculate the remainder when l is divided by 17.
15
Let q(a) = -20*a**2 - 9*a - 13. Let p be q(-4). Let o = p + 407. Calculate the remainder when o is divided by 25.
10
Let a be (-79839)/171 + 10/(-95). Let u = -260 - a. Calculate the remainder when u is divided by 35.
32
Calculate the remainder when 192 is divided by (-46)/552 - -194*4/96.
0
Let i = 145 + 311. What is the remainder when ((-6213)/i)/(2/(-16)) is divided by 28?
25
Suppose 16 + 11 = -3*f. Let o(d) = -d**2 - 8*d + 4. Let u be o(f). What is the remainder when 162 is divided by 7/((-7)/55)*3/u?
30
Let u = 27 + -25. Let l(z) = -1 + 9 - 3 + 0*z**u + 4*z**2 - 4*z. Calculate the remainder when 23 is divided by l(1).
3
Suppose 62*l - 23*l = 2*r + 13270, r + 5 = 0. Calculate the remainder when l is divided by 139.
62
Suppose 4*c = -5*a + 30, 4*a - 16*c + 20*c = 28. Suppose 3*o = -y + 42, a*y - 4*o - 20 - 14 = 0. Calculate the remainder when 291 is divided by y.
21
Let r(i) = i**3 - 6*i**2 - 50*i + 251. Calculate the remainder when -1 - (-642)/(1 + 1) is divided by r(4).
16
Let x = 22 + -18. Suppose -j = -2*p + 37, -36 = -p + x*j - 0. Let w = -86 + 99. Calculate the remainder when p is divided by w.
3
Let p = -446 + 576. What is the remainder when 391 is divided by p?
1
Let z be (2 + (-2)/(-2))*(-184)/6. Calculate the remainder when (46/z)/(1/(-162)) is divided by 44.
37
Let a = -2083 - -4061. What is the remainder when a is divided by 30?
28
Let a = -4524 + 4643. What is the remainder when 241 is divided by a?
3
Suppose -f = 3*f - b - 20, 0 = -b. Let c = 88 - -31. What is the remainder when c is divided by f?
4
Let m = 408 + -320. Suppose 1000*v = 1004*v - m. What is the remainder when 82 is divided by v?
16
Let y(k) = -46*k + 193. Let t be y(4). Suppose 2*z = -t*z + 341. Let o(w) = 32*w - 8. Calculate the remainder when o(7) is divided by z.
30
Suppose -2*n + 5*r = -39, 4*n - 6*r + 4*r - 70 = 0. Calculate the remainder when n is divided by (33/22)/((-3)/(-34)).
0
Let v(c) = c**2 - 7*c - 666. Calculate the remainder when 695 is divided by v(30).
23
Suppose -78*p - 280 = -106*p. Let w(m) = 12*m + 2. Let h be w(-5). Let y = h - -97. What is the remainder when y is divided by p?
9
Let r = -1279 + 1853. Suppose o - n - 183 = -0*o, 0 = 3*o + 2*n - r. Suppose -o = -7*k - 41. Calculate the remainder when 249 is divided by k.
18
Suppose 0 = -5*j - 5*w + 5940, 5*j + 2*w - 7426 = -1468. What is the remainder when j is divided by 13?
11
Let a be (6/10 + -1)*(13 - 3). Let f(u) = -73*u - 63. What is the remainder when f(a) is divided by 26?
21
Suppose -240 = -3*m - 0*m. Suppose 89*t - 1677 - 192 = 0. Calculate the remainder when m is divided by t.
17
Let q = 20 + -10. Suppose u - q = -o + 12, -u = 2*o - 19. Let w(a) = -19*a**3 + a - 2. Calculate the remainder when w(-2) is divided by u.
23
Let s(j) = -8*j**2 - 20*j + 3. Let i(f) = -7*f**2 - 20*f + 3. Let o(k) = 7*i(k) - 6*s(k). Let t = 1 - -12. What is the remainder when t is divided by o(-20)?
1
Let z = -163 - -166. Suppose 0 = -z*g - 4*b + 175, 3*g - 139 = 10*b - 5*b. Calculate the remainder when g is divided by 4.
1
Suppose -p - 21 = -d, -d - 5*p = 15 + 18. Let s = -223 + 412. What is the remainder when s is divided by d?
9
Let d = -542 - -488. What is the remainder when 173 is divided by d/(-4)*-30*(-10)/90?
38
Suppose 95794 + 94090 = 148*n. What is the remainder when n is divided by 53?
11
Let r = -587 + 590. Suppose 0 = 3*a - 6 + 3, -l - r*a = -23. Let k = 70 + -1. What is the remainder when k is divided by l?
9
Suppose 2*n - 4*i = 128, -5*n = -i - 57 - 254. What is the remainder when 226 is divided by n?
40
Calculate the remainder when 680 is divided by 2/(-32) + (-555170)/(-1568).
326
Let d be ((-18)/4)/9 - (-1105)/10. Let j = -24 + d. Calculate the remainder when 341 is divided by j.
83
Let i(v) = -35*v**2 + 4*v - 5. Let o be i(2). Let t(y) = 9*y - 1. What is the remainder when (1 - 5)/(-4) + o/(-1) is divided by t(4)?
33
Let y(t) = 7*t**3 + 28*t**2 - 80*t + 3. What is the remainder when 212 is divided by y(3)?
8
Let f = 1586 + -1551. What is the remainder when 1852 is divided by f?
32
Let m = 15509 - 15217. What is the remainder when m is divided by 285?
7
Let o = 587 - -103. Let l = -212 + o. What is the remainder when l is divided by 37?
34
Suppose 3 = m - 3*j - 2, m + j - 17 = 0. Let a(d) = 2*d**3 - 18*d**2 - d + 48. Calculate the remainder when a(9) is divided by m.
11
Let a(j) = -j**2 - 10*j + 206. Calculate the remainder when a(-18) is d